) = 15*t + 5. Calculate v(0).
5
Let p(g) = g**2 - 25*g + 15. Give p(24).
-9
Let g(l) = -4*l + 1. Calculate g(-5).
21
Let h(r) = 239*r - 1668. What is h(7)?
5
Let y(m) = m**2 + m - 16. Give y(0).
-16
Let l(t) = -t**2 + 9*t + 13. Give l(6).
31
Let l(h) = h - 18. Give l(-7).
-25
Let r(q) = -3*q + 42. Calculate r(14).
0
Let y(s) = s**3 - 7*s**2 - 11*s + 19. Calculate y(8).
-5
Let c(z) = z**3 + 6*z**2 - 8*z - 8. Give c(-7).
-1
Let p(i) = 2*i**2 - 37*i + 24. Calculate p(19).
43
Let u(q) = 2*q**3 - 23*q**2 - 13*q + 28. Determine u(12).
16
Let a(g) = -6*g**2 + 2*g. Calculate a(3).
-48
Let q(d) = d**3 - 5*d**2 - 19*d - 13. Calculate q(7).
-48
Let j(y) = -2*y + 12. What is j(0)?
12
Let k(h) = h**2 + 10*h - 268. Determine k(12).
-4
Let j(t) = t**3 - 6*t**2 - 2*t - 1. Give j(3).
-34
Let t(c) = 29*c - 198. Give t(7).
5
Let m(z) = -z**2 - 18*z - 76. What is m(-11)?
1
Let z(r) = -14*r - 104. Determine z(0).
-104
Let g(q) = -q + 1. Determine g(1).
0
Let a(s) = 12*s + 1. Give a(-2).
-23
Let s(m) = m - 8. Give s(31).
23
Let u(l) = -l**3 + 6*l**2 + 5*l - 8. Calculate u(6).
22
Let w(h) = h**2 - 10*h + 9. Give w(8).
-7
Let p(m) = m**3 + 2*m**2 + 9*m - 5. Determine p(-4).
-73
Let y(w) = -w + 1. Determine y(9).
-8
Let l(q) = -15*q**3 + q**2 - 2*q + 1. Determine l(1).
-15
Let x(p) = 3*p**2 - 32*p + 13. What is x(10)?
-7
Let f(l) = -l**2 - 9*l - 5. Give f(-7).
9
Let g(d) = 26*d - 172. Determine g(6).
-16
Let n(l) = -4*l**3 + 10*l**2 + 4*l + 3. What is n(3)?
-3
Let l(z) = 5*z + 40. Give l(-12).
-20
Let a(b) = 2*b**3 - 14*b**2 - 5*b + 11. Give a(7).
-24
Let t(o) = -5*o + 31. What is t(-10)?
81
Let b(a) = -a**2 + 8*a + 13. Give b(10).
-7
Let y(s) = -2*s**3 + s**2 + s + 13. Calculate y(0).
13
Let c(m) = -3*m**3 - m**2 - 4*m + 4. Give c(2).
-32
Let c(v) = v**2 - 2*v - 19. What is c(6)?
5
Let v(h) = 3*h + 2. Calculate v(1).
5
Let k(n) = n - 11. Calculate k(5).
-6
Let l(f) = f - 41. Calculate l(15).
-26
Let q(g) = -g**3 + 9*g**2 - 15*g + 11. Determine q(7).
4
Let k(l) = 6*l - 1. Calculate k(5).
29
Let f(g) = 34*g**3 - g**2 + 1. Determine f(-1).
-34
Let i(x) = -6*x + 26. What is i(5)?
-4
Let i(s) = 104*s + 631. Give i(-6).
7
Let x(d) = d**3 + 9*d**2 + 2*d + 1. What is x(-9)?
-17
Let h(n) = n**3 - 7*n**2 - 17*n - 10. Give h(9).
-1
Let y(r) = -r**3 + 9*r**2 - 20*r + 4. Calculate y(6).
-8
Let m(w) = -w + 25. Give m(19).
6
Let k(l) = -47*l + 192. Give k(4).
4
Let l(t) = -t**3 - 13*t**2 + 13*t - 6. Determine l(-14).
8
Let d(w) = w**3 - 52*w**2 + 102*w - 106. Calculate d(50).
-6
Let c(n) = n**2 + 15*n + 65. Determine c(-7).
9
Let g(w) = w**2 + 16*w + 16. What is g(-1)?
1
Let s(l) = -2*l**2 + 18*l - 47. Give s(3).
-11
Let t(s) = -s + 9. Determine t(7).
2
Let j(q) = q**3 + 6*q**2 - 14*q - 2. Give j(-8).
-18
Let v(t) = t**3 + 33*t**2 - 35*t - 40. What is v(-34)?
-6
Let h(j) = j**2 - 10*j - 13. Give h(8).
-29
Let q(u) = u**2 + 11*u - 43. Give q(-14).
-1
Let a(p) = p**3 + 9*p**2 - 6*p - 1. Give a(-9).
53
Let k(m) = -24*m - 115. Calculate k(-4).
-19
Let p(z) = -z**3 + 21*z**2 - z + 20. What is p(21)?
-1
Let y(t) = t**2 - 6*t + 17. Determine y(10).
57
Let y(l) = 7*l - 35. What is y(7)?
14
Let m(r) = r**2 - 5*r - 20. What is m(7)?
-6
Let b(m) = -8*m - 15. Calculate b(-1).
-7
Let i(g) = -4*g + 23. Calculate i(7).
-5
Let q(m) = m**2 - 2. Calculate q(4).
14
Let m(t) = -t**3 - 8*t**2 + 13*t + 39. Determine m(-9).
3
Let z(o) = -o + 2. Give z(-4).
6
Let a(h) = -12*h - 3. Calculate a(-2).
21
Let m(b) = -2*b**2 + 7*b + 5. What is m(-4)?
-55
Let w(m) = m**2 - 22*m + 51. Determine w(3).
-6
Let i(n) = -n**3 - 5*n**2 + n - 6. What is i(-6)?
24
Let l(p) = p**3 + 4*p**2 - 9. Give l(-4).
-9
Let n(v) = -4*v - 5. Give n(-9).
31
Let s(a) = a**2 - a + 7. Give s(5).
27
Let l(u) = 5*u - 3. Determine l(-1).
-8
Let m(f) = f**3 - 8*f - 1. Determine m(-4).
-33
Let c(o) = 6*o + 148. What is c(-26)?
-8
Let w(h) = h**2 - 12*h + 17. Determine w(12).
17
Let l(n) = -n**3 - n**2 - n - 33. Give l(0).
-33
Let a(f) = -5*f - 7. What is a(-6)?
23
Let c(s) = s**3 + 2*s**2 - 3*s - 2. Give c(-4).
-22
Let v(b) = 4*b**2 + 6*b + 9. What is v(-4)?
49
Let y(t) = 2*t**2 + 6*t + 7. Give y(-5).
27
Let p(w) = -5*w**2 - 87*w - 46. What is p(-17)?
-12
Let j(f) = 4*f**2 - 10*f + 10. Calculate j(2).
6
Let l(g) = -8*g - 233. Calculate l(-31).
15
Let u(x) = -x**3 + 4*x**2 + 4*x + 2. Determine u(4).
18
Let a(v) = v. What is a(-7)?
-7
Let f(g) = 8*g**3 - 2*g**2 + g. What is f(1)?
7
Let y(s) = -s**3 + 32*s**2 + 36*s - 115. What is y(33)?
-16
Let k(r) = r**3 - 2*r**2 - 14*r - 10. What is k(5)?
-5
Let x(s) = 9*s**3 - 2*s**2 - 4*s - 4. Determine x(-2).
-76
Let a(u) = 4*u**3 - u**2 - 7*u + 2. Calculate a(-2).
-20
Let g(q) = q**3 - 4*q**2 - 4*q - 11. What is g(5)?
-6
Let u(h) = h - 3. Determine u(3).
0
Let y(t) = -2*t**2 + 7*t - 1. What is y(-3)?
-40
Let y(x) = -x**3 + 8*x**2 - 13*x + 107. What is y(8)?
3
Let a(h) = -8*h - 71. Determine a(-9).
1
Let l(p) = -2*p**2 - 45*p - 24. Calculate l(-22).
-2
Let i(u) = -4*u + 87. Determine i(-7).
115
Let d(s) = -s**3 + 7*s**2 - 4*s + 6. Give d(7).
-22
Let i(a) = a**3 + 9*a**2 - 3*a - 13. Determine i(-9).
14
Let c(w) = 2*w**2 - 4*w + 1. Give c(5).
31
Let n(p) = 10*p + 46. What is n(-4)?
6
Let r(d) = 59*d**2. Calculate r(-1).
59
Let s(w) = -w**3 + 6*w**2 - 2*w - 6. What is s(5)?
9
Let v(n) = -2*n + 27. What is v(10)?
7
Let t(w) = 2*w**2 + 33*w + 13. What is t(-16)?
-3
Let v(h) = h + 11. Determine v(-10).
1
Let y(a) = 8*a**3 + a**2 + 5*a + 5. What is y(-2)?
-65
Let w(t) = t**3 - 6*t**2 - 6. What is w(6)?
-6
Let w(s) = 9*s**2 - 109*s + 7. Give w(12).
-5
Let i(d) = -6*d**2 + 2*d - 2. Determine i(2).
-22
Let j(a) = -a**2 - 27*a - 62. Calculate j(-25).
-12
Let f(t) = -2*t + 2. Give f(-16).
34
Let o(w) = -2*w**3 + 2*w**2 + 2*w + 1. What is o(4)?
-87
Let z(r) = -14*r**2 - 379*r + 3. Determine z(-27).
30
Let h(r) = -76*r - 149. Determine h(-2).
3
Let n(b) = -b**3 + b**2 + b + 9. Give n(3).
-6
Let b(o) = -o**2 - 10*o + 2. Give b(-12).
-22
Let s(o) = o**3 + 10*o**2 + 11*o + 14. Determine s(-9).
-4
Let x(a) = a - 87. What is x(0)?
-87
Let u(a) = a**3 - 14*a**2 - 4*a + 44. Give u(14).
-12
Let m(w) = w**3 - 5*w**2 - 7*w + 9. Calculate m(6).
3
Let i(f) = -2*f - 8. Give i(3).
-14
Let o(a) = -a**3 - a**2 + 17. Determine o(0).
17
Let p(n) = -3*n + 9. Give p(2).
3
Let v(w) = -14*w - 29. Determine v(-10).
111
Let x(s) = s + 1. Determine x(-4).
-3
Let i(q) = q**3. Calculate i(1).
1
Let u(n) = n**3 + 7*n**2 + 4*n + 5. Give u(-3).
29
Let i(s) = 4*s**2 - 3*s + 1. What is i(2)?
11
Let g(x) = x**2 - 14*x + 35. Give g(10).
-5
Let r(m) = -4*m**2 - 3*m - 2. Calculate r(-3).
-29
Let o(y) = 19*y**3 + 2*y**2 - 6*y + 5. Determine o(1).
20
Let i(g) = -5*g**2 - 27*g + 10. Determine i(-6).
-8
Let a(s) = 7*s - 4. Give a(3).
17
Let t(r) = -r**3 - 7*r**2 - r + 11. Determine t(-7).
18
Let t(a) = 35*a + 75. Give t(-2).
5
Let l(r) = 2*r**2 - 3*r - 16. Give l(6).
38
Let a(t) = -14*t - 81. Give a(-6).
3
Let a(m) = m**3 - 6*m**2 + 4*m - 9. Determine a(6).
15
Let j(n) = n**3 + 6*n**2 - 9*n - 6. Calculate j(-7).
8
Let f(p) = -p**2 - 24*p - 110. Determine f(-6).
-2
Let j(z) = 12*z**2 - 204*z + 10. Give j(17).
10
Let h(z) = z**3 + 16*z**2 - 6*z - 88. What is h(-16)?
8
Let m(u) = -u. What is m(7)?
-7
Let o(u) = -u**3 - 6*u**2 - 5*u + 3. Calculate o(-4).
-9
Let k(i) = i**3 - 6*i**2 + i - 7. Give k(6).
-1
Let b(g) = 26*g - 144. What is b(5)?
-14
Let b(m) = -m**3 + 11*m**2 + 10*m + 17. Give b(12).
-7
Let t(q) = q**3 - 8*q**2 + 7*q + 1. Give t(7).
1
Let w(g) = 12*g - 161. Calculate w(7).
-77
Let p(h) = 2*h**2 + 11*h + 15. Calculate p(-6).
21
Let d(t) = -t**3 + 3*t**2 + 6*t - 1. Give d(5).
-21
Let x(n) = n**3 + 4*n**2 + 5*n - 3. What is x(-3)?
-9
Let a(p) = -p**3 + 10*p**2 - 18*p + 10. Give a(8).
-6
Let n(h) = -2*h**3 - 11*h**2 - 8*h - 8. Give n(-5).
7
Let x(h) = h**3 + 8*h**2 + 11*h + 9. Calculate x(-6).
15
Let v(t) = -t**3 + 8*t**2 + 8*t + 6. Calculate v(9).
-3
Let u(w) = -4*w + 21. Determine u(12).
-27
Let b(p) = -p**2 - 18*p + 144. Calculate b(-24).
0
Let l(m) = -m**2 + 19*m + 7. What is l(19)?
7
Let f(v) = -v**3 - 5*v**2 + 3*v + 6. What is f(-5)?
-9
Let s(n) = -89*n + 188. Determine s(2).
10
Let i(v) = 14*v + 14. What is i(-1)?
0
Let a(q) = 3*q + 19. Calculate a(-4).
7
Let w(t) = t**3 - 8*t**2 + 4*t + 7. Determine w(7).
-14
Let o(g) = 2*g**2 - 107*g - 55. G